 + 25. Let m be b(4). Let a be (-12 - 3)/((-2)/(m - -5)). List the prime factors of a/(-6) - -3 - (-1138)/4.
3, 5, 19
Let o be (2/10)/((-22)/(-330)). Suppose 4*t + 448 = a, 3*a + o*t = 1040 + 244. List the prime factors of a.
2, 3
Suppose -37*u - 176556 = -4*p - 29*u, 3*p + u - 132375 = 0. What are the prime factors of p?
3, 4903
Let s = -3127 - -2188. Let c = s - -1622. What are the prime factors of c?
683
Let y = 402 + -295. Let h be ((-12)/(-15))/(2/45). Let g = y - h. List the prime factors of g.
89
Suppose -637*z = -642*z + 20. Suppose -3*h - 785 = -6*h - z*g, -2*g = 2*h - 520. What are the prime factors of h?
3, 5, 17
Let x(n) = -8 + 6 + 4*n - 8 + 3*n. Let z be x(2). Suppose -z*p + 513 = 53. List the prime factors of p.
5, 23
Suppose -4*c + 6*s - s + 139997 = 0, c - s - 34999 = 0. What are the prime factors of c?
2, 3, 19, 307
Suppose -25147 = 19*w + 119*w - 382705. What are the prime factors of w?
2591
Let z = 24837 - 16531. Suppose -2498 = 12*f - z. What are the prime factors of f?
2, 11
Let j be (3 + 0 + 20)/(4/80). Suppose 8*c = 13*c - j. Suppose 0 = 18*x - 19*x + c. List the prime factors of x.
2, 23
Suppose -z = s - 20, -z - 2*s + 39 = 14. Let m be (18/8)/(z/20). Let t(i) = 9*i**2 - 3*i + 5. List the prime factors of t(m).
7, 11
Let v = -10496 - -22155. What are the prime factors of v?
89, 131
What are the prime factors of ((-55476)/115)/(17/(-1020))?
2, 3, 67
Let s(d) = -17*d + 1. Let w(h) = 30*h + 4. Let a(z) = 29*z + 5. Let f(q) = 5*a(q) - 6*w(q). Let m(i) = 3*f(i) - 7*s(i). List the prime factors of m(4).
2, 13
Suppose 41*a - 36*a = 80. Suppose 1744 = -a*f + 5872. What are the prime factors of f?
2, 3, 43
Let h(l) = 1443*l**2 - l + 23. What are the prime factors of h(3)?
13007
Suppose 13*s - 20*s = 1246. Let z = 266 + s. List the prime factors of z.
2, 11
Let l be 3997*(0 + -3) + -1. What are the prime factors of l/(-16) - (-21)/14?
751
Suppose -8740 - 733553 = 116*a - 183*a. List the prime factors of a.
3, 1231
Let v(h) = -h**3 - h**2 - 2*h + 2. Let x = 23 + -23. Let n be v(x). Suppose 4*j = -p + 18 + 71, -4*p = n*j - 398. What are the prime factors of p?
101
What are the prime factors of (-266)/49 - -5 - (-7 - 194074/14)?
3, 23, 67
Suppose 160*p - 159*p = 0. Let z(c) = -c**3 - 3*c**2 + c + 82. List the prime factors of z(p).
2, 41
Suppose -139 = -5*g - 2*p, 0 = 3*g + 3*p + 2*p - 91. Suppose -8*z = -g - 13. Suppose -z*i = 2*s + s - 627, 2*i - 3*s = 234. What are the prime factors of i?
3, 41
List the prime factors of 10/(-20)*(-5022)/3.
3, 31
Let m = 285 - 289. What are the prime factors of 516 + (m + 9 - -2)?
523
Let m(f) = 445*f + 1359. List the prime factors of m(23).
2, 11, 17, 31
Suppose -19*o + 76 + 323 = 0. Suppose -o*q + 4*h = -25*q + 2916, 4*q + 5*h = 2915. What are the prime factors of q?
2, 5, 73
Suppose 0*v - v - o = 19, -v + 3*o - 23 = 0. Let g = v + 25. Suppose 5*b = -g*w + 195, -193 = -5*w - b - 2*b. What are the prime factors of w?
2, 19
Let p be (-1)/(-2) + (35/(-14))/5. Suppose -g + r + 1071 = p, -g - 3*r - 1069 = -2*g. List the prime factors of g.
2, 67
Suppose 2*y - 1288 + 4708 = 2*w, -2*w - 3428 = 2*y. Let x = -1135 - y. List the prime factors of x.
577
Suppose -4*v + l - 4*l - 295 = 0, 0 = 3*l + 15. What are the prime factors of (v/50 + 2)*(1244 - -1)?
3, 83
Let y(p) = p + 1. Let w(b) = 156*b**2 - 10*b - 4. Let a(m) = w(m) + 4*y(m). List the prime factors of a(2).
2, 3, 17
Suppose -2*l - 23*l = -375. Suppose 92 = 11*j + l. What are the prime factors of j?
7
Let z = -197 + 293. Let v = z + -135. Let n = -28 - v. List the prime factors of n.
11
Let l(i) = 3*i**2 + 48*i - 45. Let d be l(-17). Let a(o) = 8*o**3 - 5*o**2 + 5*o - 33. List the prime factors of a(d).
3, 5, 103
Suppose -32*k + 114861 = -154451. List the prime factors of k.
2, 263
Let t(f) = -388*f - 306*f - 289 + 1343*f - 373*f. What are the prime factors of t(5)?
1091
What are the prime factors of (32490/475)/((-4)/(-10))?
3, 19
Let w be 6/21 - (-82)/7. Suppose 24 = -2*x - w. What are the prime factors of (-789)/x - (-3)/18?
2, 11
Suppose 6 = -4*b - 2*c + 4*c, -4*b - c = -3. Suppose -4*l - p + 4*p + 1876 = 0, b = -3*l - 2*p + 1424. List the prime factors of l.
2, 59
Suppose -173*j - 148323 + 1309153 = 0. List the prime factors of j.
2, 5, 11, 61
Let a be 1 + -2 - (-18)/3. Suppose 6*g - 2*g + a*u - 3488 = 0, -3*g = -5*u - 2581. List the prime factors of g/(-68)*(-5 - -1).
3, 17
Let c(g) = -g**3 - 7*g**2 - 11*g - 10. Let s be c(-5). Let q be (-5688)/60 + 1/s. Let m = -3 - q. List the prime factors of m.
2, 23
Suppose 0 = 44*q - q + 87*q - 848380. List the prime factors of q.
2, 13, 251
Let w = 3851 - 2749. Let y = w + -393. List the prime factors of y.
709
Let a be (78/12 + -3)*-1*16. List the prime factors of ((-1896)/(-14))/((-16)/a).
2, 3, 79
Suppose 5*t = -2*a - 7449, -6*t + t = -3*a + 7464. Let g = t - -2142. What are the prime factors of g?
3, 7, 31
Suppose 3*o - 8403 = 2*v, 13980 = 5*o + 549*v - 544*v. List the prime factors of o.
3, 311
Suppose -69*x + 390105 + 204606 = 0. List the prime factors of x.
3, 13, 17
Let x(s) = 5*s**2 - 15*s - 6*s**2 - 7 - 2. Let f be (2 - 11)/3 - 10. What are the prime factors of x(f)?
17
Let f(m) = 3*m - 19 + 4*m**2 - m + 3*m - m**3 + 25. Let l be f(5). List the prime factors of ((-64)/l)/(46/(-9) - -5).
2, 3
Suppose 43 = 7*c - 90. Suppose -c*a + 15*a = -2*o - 1200, -4*o = 0. What are the prime factors of a?
2, 3, 5
Let v be 1 - 2*6/(-12). Suppose 12 = 4*s, 0 = p + 3*s + v*s - 442. What are the prime factors of p?
7, 61
Let q(v) = 9*v - 7. Let p(s) = -1. Let t(a) = 5*p(a) + q(a). Suppose -11*g - 98 = -25*g. What are the prime factors of t(g)?
3, 17
Let n = 11978 - -718. Suppose 15*f - 23*f = -n. What are the prime factors of f?
3, 23
Let o(r) = 40*r - 10. Let i be o(16). Suppose 24*b = 30*b - i. Suppose -5*k + b = -0*k. List the prime factors of k.
3, 7
Suppose 4*k - 104 - 20 = 2*n, 5*k - 158 = 4*n. Let a be 2 + -4 + -2 + k. Let v = a - 22. What are the prime factors of v?
2
Suppose 0 = 207*f - 155*f - 765336. What are the prime factors of f?
2, 3, 11, 223
Suppose 0 = -17*a - 12*a + 551. List the prime factors of a + (-5 - (-5)/1) + 1.
2, 5
Let b(c) = c**3 + 2*c**2 - c + 1. Suppose 86 = 5*w + 96. Let m be b(w). Suppose -m*i - 4*i + 840 = 0. List the prime factors of i.
2, 3, 5
Suppose -285*g = -268*g - 128095. List the prime factors of g.
5, 11, 137
Let j(o) = 2*o**3 + 21*o**2 - 60*o - 33. What are the prime factors of j(10)?
3467
Let r(w) = -8*w**2 + 13*w + 8. Let q be r(6). Let a(s) = -6*s**2 - 5*s - 2. Let n be a(4). Let g = n - q. What are the prime factors of g?
2, 3, 7
Let r = -124 - -127. Suppose -z = -r*k - 56 - 130, 371 = 2*z - 5*k. Let f = z + -24. What are the prime factors of f?
3, 53
Let d(k) = k**2 - k + 1. Suppose 5*w + 26 - 1 = 0. Let u(x) = 6*x**2 - 26. Let i(n) = w*d(n) + u(n). List the prime factors of i(10).
7, 17
Suppose 171*s = 309*s - 152*s + 289912. List the prime factors of s.
2, 31, 167
Suppose -5*h = j - 3355, -h - 865 - 9120 = -3*j. List the prime factors of j.
2, 3, 5, 37
Let w(a) = -23*a + 234. Suppose -5*j + 10*q - 119 = 12*q, -5*j - 123 = 4*q. What are the prime factors of w(j)?
7, 109
Suppose -24 = -3*s - 16*t + 18*t, -29 = -2*s - 3*t. Suppose s*z - 7055 = 1455. List the prime factors of z.
23, 37
Let y(f) = -2*f**3 + 16*f**2 - 9*f - 9. Let x be y(7). Let l = x - 21. What are the prime factors of (1 + l)/3 + 164?
2, 83
Suppose -v + 153 = -18*v. Let z(o) = -6*o + 36. What are the prime factors of z(v)?
2, 3, 5
Suppose -j + 29*b + 9925 = 31*b, -2*j + 19874 = -2*b. What are the prime factors of j?
3, 7, 11, 43
Let i be (-4)/18 - 714/(-54). Suppose -i*v = -17*v + 1116. What are the prime factors of v?
3, 31
Suppose 0 = -7*b - 2 + 65. List the prime factors of ((-496)/(-6))/(b*(-8)/(-108)).
2, 31
Let l(c) = -7*c**3 + 7*c**2 + 131*c - 18. What are the prime factors of l(-10)?
2, 3, 59
Let k = -1513 + 9393. What are the prime factors of k?
2, 5, 197
Let a be 27*(-1)/(-3) + -3. List the prime factors of a + (-8 - -225) - (1 + 3).
3, 73
Let s(v) = -v**3 - 8*v**2 + 9*v + 4. Let a be s(-7). What are the prime factors of a/(-54)*926/4?
463
Let m be (-3 - -4)*(-5)/((-10)/8). Let j be (0 - 6/m)*(-3 + 1). Suppose -35 = -4*o + u, 3*u - 25 = -4*o + j*o. What are the prime factors of o?
2, 5